t -12 (base 16) to base 11.
-17
Convert -b (base 16) to base 2.
-1011
-48 (base 16) to base 13
-57
-2 (base 13) to base 4
-2
10000 (base 2) to base 9
17
Convert 11 (base 9) to base 8.
12
What is -1 (base 13) in base 2?
-1
30 (base 8) to base 13
1b
111 (base 2) to base 8
7
What is -5 (base 15) in base 3?
-12
-3 (base 9) to base 5
-3
What is 200 (base 3) in base 11?
17
Convert 4 (base 5) to base 6.
4
121 (base 8) to base 10
81
-78 (base 13) to base 16
-63
Convert -128 (base 12) to base 13.
-107
Convert -35 (base 12) to base 13.
-32
Convert -2 (base 7) to base 15.
-2
Convert 72 (base 9) to base 13.
50
What is -18 (base 9) in base 10?
-17
-2 (base 7) to base 8
-2
What is -32 (base 5) in base 13?
-14
12 (base 4) to base 14
6
What is -2 (base 8) in base 5?
-2
Convert -2 (base 9) to base 7.
-2
-19 (base 10) to base 12
-17
Convert -21 (base 4) to base 2.
-1001
-7 (base 9) to base 4
-13
-82 (base 13) to base 10
-106
What is -10 (base 5) in base 2?
-101
-127 (base 13) to base 3
-21111
What is -327 (base 8) in base 2?
-11010111
What is -a (base 15) in base 14?
-a
-4 (base 8) to base 2
-100
bf (base 16) to base 5
1231
-2 (base 14) to base 11
-2
-6 (base 13) to base 14
-6
What is -21 (base 14) in base 9?
-32
What is -20 (base 11) in base 2?
-10110
1 (base 12) to base 8
1
What is b (base 14) in base 3?
102
37 (base 10) to base 14
29
What is 1 (base 7) in base 6?
1
-26 (base 9) to base 6
-40
What is -44 (base 5) in base 6?
-40
-10 (base 5) to base 8
-5
What is 21 (base 10) in base 14?
17
1100 (base 2) to base 4
30
Convert -130 (base 8) to base 2.
-1011000
Convert -1 (base 16) to base 15.
-1
-251 (base 7) to base 13
-a4
What is 2 (base 10) in base 9?
2
38 (base 14) to base 9
55
What is -1122 (base 3) in base 4?
-230
1 (base 11) to base 7
1
-25 (base 8) to base 6
-33
Convert -224 (base 6) to base 16.
-58
Convert -5 (base 8) to base 11.
-5
-7 (base 14) to base 11
-7
24 (base 5) to base 8
16
What is -48 (base 13) in base 14?
-44
Convert 3 (base 11) to base 16.
3
Convert -3 (base 9) to base 3.
-10
110111 (base 2) to base 10
55
What is -39 (base 12) in base 9?
-50
4 (base 7) to base 10
4
Convert 2 (base 11) to base 9.
2
-11 (base 2) to base 13
-3
What is -5 (base 14) in base 11?
-5
What is 122 (base 7) in base 13?
50
Convert -13 (base 11) to base 9.
-15
What is -2 (base 9) in base 8?
-2
Convert -4 (base 14) to base 8.
-4
7 (base 9) to base 6
11
Convert -3 (base 7) to base 4.
-3
Convert 11 (base 12) to base 10.
13
Convert -e (base 16) to base 3.
-112
What is -33 (base 12) in base 16?
-27
121 (base 13) to base 2
11000100
What is -100 (base 2) in base 5?
-4
What is 10 (base 13) in base 7?
16
What is 223 (base 8) in base 5?
1042
What is 1 (base 8) in base 10?
1
What is 11 (base 3) in base 4?
10
Convert -7 (base 14) to base 11.
-7
Convert -114 (base 13) to base 16.
-ba
What is -1 (base 14) in base 11?
-1
-2b (base 16) to base 6
-111
Convert -9 (base 10) to base 9.
-10
Convert 18 (base 13) to base 14.
17
-10010 (base 2) to base 5
-33
What is -110 (base 3) in base 14?
-c
Convert 230 (base 7) to base 12.
9b
What is 1 (base 9) in base 3?
1
Convert 313 (base 5) to base 9.
102
What is -3 (base 10) in base 6?
-3
What is 103 (base 6) in base 12?
33
Convert -294 (base 10) to base 13.
-198
Convert -5 (base 16) to base 8.
-5
-1 (base 2) to base 7
-1
Convert 321 (base 6) to base 14.
89
Convert -22 (base 7) to base 3.
-121
33 (base 10) to base 8
41
What is -7 (base 9) in base 16?
-7
1022 (base 3) to base 11
32
What is 1 (base 4) in base 6?
1
Convert 122 (base 7) to base 12.
55
What is 0 (base 14) in base 5?
0
Convert -7 (base 13) to base 8.
-7
Convert 178 (base 10) to base 11.
152
-11 (base 10) to base 5
-21
What is -242 (base 6) in base 4?
-1202
Convert 10001111 (base 2) to base 12.
bb
-14 (base 5) to base 16
-9
What is 5 (base 7) in base 13?
5
What is -20 (base 13) in base 5?
-101
1 (base 16) to base 11
1
What is 23 (base 10) in base 13?
1a
What is -100110 (base 2) in base 14?
-2a
7 (base 11) to base 6
11
-2 (base 10) to base 13
-2
What is 44 (base 6) in base 16?
1c
75 (base 8) to base 9
67
Convert -1 (base 4) to base 14.
-1
93 (base 12) to base 16
6f
What is 23 (base 8) in base 16?
13
Convert 3 (base 16) to base 6.
3
Convert -67 (base 15) to base 12.
-81
-7 (base 10) to base 13
-7
What is 0 (base 12) in base 16?
0
What is -11 (base 9) in base 13?
-a
112 (base 5) to base 7
44
Convert 6 (base 11) to base 8.
6
18 (base 16) to base 15
19
What is -31 (base 4) in base 7?
-16
What is 1 (base 12) in base 4?
1
42 (base 15) to base 9
68
Convert 72 (base 13) to base 5.
333
1 (base 15) to base 13
1
Convert 7 (base 14) to base 13.
7
11 (base 3) to base 9
4
15 (base 6) to base 3
102
What is 32 (base 15) in base 3?
1202
What is 122 (base 5) in base 6?
101
What is -2 (base 5) in base 6?
-2
What is -14 (base 14) in base 9?
-20
Convert 1012 (base 6) to base 12.
168
Convert 2 (base 16) to base 6.
2
Convert -82 (base 9) to base 2.
-1001010
What is -3 (base 14) in base 9?
-3
What is 304 (base 6) in base 14?
80
Convert 101 (base 2) to base 4.
11
-8 (base 9) to base 2
-1000
100 (base 9) to base 8
121
What is 36 (base 8) in base 3?
1010
What is -1 (base 14) in base 9?
-1
What is 8 (base 14) in base 16?
8
-16 (base 10) to base 5
-31
What is -4 (base 10) in base 8?
-4
What is 3 (base 15) in base 12?
3
-101 (base 3) to base 13
-a
What is 2 (base 3) in base 13?
2
-1b (base 14) to base 8
-31
Convert -4 (base 12) to base 16.
-4
1044 (base 5) to base 11
126
What is -69 (base 10) in base 6?
-153
What is -10 (base 16) in base 11?
-15
Convert 1e (base 16) to base 15.
20
What is 1322 (base 4) in base 12?
a2
What is c (base 16) in base 4?
30
10 (base 13) to base 10
13
What is 3 (base 7) in base 8?
3
What is 222 (base 3) in base 8?
32
3 (base 4) to base 2
11
Convert -1002 (base 6) to base 11.
-189
-8 (base 12) to base 9
-8
Convert -dc (base 14) to base 5.
-1234
What is 5 (base 7) in base 10?
5
Convert 7 (base 11) to base 7.
10
What is -7 (base 16) in base 4?
-13
What is -3 (base 9) in base 7?
-3
Convert -48 (base 12) to base 10.
-56
-3 (base 9) to base 15
-3
What is -11 (base 3) in base 8?
-4
1 (base 16) to base 8
1
118 (base 13) to base 8
276
-108 (base 10) to base 14
-7a
What is -4 (base 10) in base 11?
-4
Convert -102 (base 6) to base 13.
-2c
11 (base 11) to base 8
14
What is -23 (base 8) in base 14?
-15
Convert 0 (base 9) to base 11.
0
-4 (base 9) to base 14
-4
What is -2d (base 16) in base 9?
-50
11 (base 4) to base 13
5
-2 (base 7) to base 4
-2
0 (base 13) to base 12
0
1d (base 14) to base 5
102
d (base 14) to base 8
15
What is 123 (base 8) in base 5?
313
Convert -5 (base 7) to base 16.
-5
What is -11 (base 11) in base 10?
-12
What is -1002 (base 3) in base 14?
-21
Convert -47 (base 9) to base 3.
-1121
What is 3 (base 13) in base 5?
3
What is -3 (base 15) in base 4?
-3
-1002 (base 4) to base 16
-42
What is 3 (base 8) in base 5?
3
Convert -3 (base 8) to base 11.
-3
Convert 10 (base 6) to base 14.
6
Convert 11000 (base 2) to base 5.
44
-1 (base 7) to base 13
-1
10 (base 7) to base 5
12
Convert 6 (base 8) to base 13.
6
What is 164 (base 9) in base 3?
12011
Convert 1 (base 12) to base 7.
1
Convert 0 (base 7) to base 13.
0
What is -101 (base 2) in base 5?
-10
What is -2 (base 8) in base 3?
-2
What is 2 (base 3) in base 10?
2
What is 111 (base 4) in base 16?
15
Convert -3 (base 14) to base 5.
-3
Convert -a (base 16) to base 7.
-13
What is 97 (base 15) in base 12?
ba
3 (base 8) to base 7
3
What is -46 (base 7) in base 5?
-114
What is 326 (base 8) in base 3?
21221
What is -25 (base 7) in base 2?
-10011
What is 1022 (base 4) in base 9?
82
What is 10000 (base 2) in base 16?
10
Convert 74 (base 10) to base 5.
244
Convert -74 (base 15) to base 8.
-155
What is 11 (base 2) in base 5?
3
Convert 57 (base 10) to base 11.
52
Convert 35 (base 16) to base 14.
3b
Convert -129 (base 11) to base 15.
-a2
Convert -223 (base 12) to base 11.
-267
What is -130 (base 15) in base 4?
-10032
-10 (base 2) to base 9
-2
-133 (base 5) to base 9
-47
-12 (base 15) to base 7
-23
Convert -2 (base 11) to base 9.
-2
What is 1 (base 15) in base 9?
1
Convert 12 (base 15) to base 11.
16
Convert c (base 14) to base 11.
11
-a (base 11) to base 3
-101
Convert 0 (base 10) to base 8.
0
2 (base 12) to base 13
2
3 (base 12) to base 11
3
Convert 100 (base 